7/(-5). Suppose 5*u = -4*w + h, 4*u - 4*w + w - 183 = 0. Does 12 divide u?
False
Let h = 2908 - 904. Is 23 a factor of 6/(-27) + h/27?
False
Suppose 8 = -2*w - 5*k + 44, -3*w - 4*k + 40 = 0. Let j = w + 24. Is j a multiple of 8?
True
Let q be (-4)/14 - (-90)/21. Suppose -34 = q*o - 98. Is o a multiple of 8?
True
Let h = 24 + -13. Is 11 a factor of h?
True
Let w = -98 + 170. Is 5 a factor of (-5)/(15/w)*-1?
False
Let l = -35 + 2. Let t = l + 59. Is 13 a factor of t?
True
Let g = 199 + -115. Is 14 a factor of g?
True
Suppose -3*c = -2*d + 18, -2*c = -3*d + 5*d - 28. Is 7 a factor of d?
False
Let p be (-338)/18 + (-2)/9. Let h = 19 - -9. Let n = h + p. Is n a multiple of 9?
True
Let p be (-3)/6 - 3/(-6). Suppose 0 = -p*w - w + 13. Is 5 a factor of w?
False
Suppose x + 28 = 84. Is 17 a factor of x?
False
Let b be 2/4*(3 + 191). Suppose -2*u = 2*o - o - b, -94 = -2*u + 2*o. Suppose -4*f = 2*r - u - 26, f - r = 14. Is 17 a factor of f?
True
Let u be ((-35)/5)/((-3)/12). Let m = 2 + u. Is m a multiple of 5?
True
Suppose -n + 195 = 3*n - a, n - 30 = 4*a. Does 16 divide n?
False
Let a = -11 - -20. Let z = a - 5. Suppose -2*n - z*c = -44, n + c = 5*n - 79. Does 20 divide n?
True
Let j be -47*(1 + -2) - 2. Suppose -4*b + j = b. Is 9 a factor of b?
True
Is (-5)/(1/(-30)*(-55)/(-66)) a multiple of 30?
True
Suppose 9 = -3*x, 0 = t + 4*x - 5*x - 27. Suppose 15 = k - 4*k. Let j = t - k. Is j a multiple of 12?
False
Suppose 5*j - 2*k - 20 = 0, -j - 2*k = -6*k - 22. Suppose j*g = 7*g. Let f(t) = t**2 + t + 20. Is f(g) a multiple of 20?
True
Suppose -y + 5 = -0*y. Suppose -3*q - 5*h - 13 = -2, 3*q - 29 = y*h. Suppose 0 = -q*f - f + 48. Is f a multiple of 6?
True
Let c be (15/4)/((-2)/(-8)). Suppose 3*g + 270 = -2*g. Is 3 a factor of (-6)/c - g/10?
False
Let i be (-33)/(-9)*3 + -3. Suppose -2*g - 4*f - i = 0, -4*g + 2*f = g + 20. Is (-231)/(-15) + g/10 a multiple of 8?
False
Let t(o) = 3 - o + 2 - 6*o - 3. Let a be t(2). Let g = a + 23. Is 11 a factor of g?
True
Let r = -58 + 211. Does 17 divide r?
True
Let m be 0*((-2)/(-2))/(-2). Suppose -5*l = -m - 155. Is 13 a factor of l?
False
Suppose -3*t - 4*v + 137 = v, 4*v = 3*t - 128. Does 16 divide t?
False
Let r(u) = 11*u - 27. Does 5 divide r(7)?
True
Let g = -14 + 16. Suppose -q - g = 5*v - 5, -3*v = 15. Is 7 a factor of q?
True
Suppose -2*g + c + 2 = 2*g, 2*g - 6 = 3*c. Let w be 4/4 - (-33 + -1). Suppose -5*l + w = -g. Does 6 divide l?
False
Let i = 1471 + -2368. Is i/(-27) + 6/(-27) a multiple of 11?
True
Let j = 1 + -1. Suppose -3*i = 2*k + 10 + 5, -k = -2*i - 3. Let s = j - k. Is 3 a factor of s?
True
Let j(q) = -q**2 - 4*q - 9. Let z be j(-7). Let l(v) = v**3 - 4*v**2 - 4*v - 4. Let b be l(4). Let w = b - z. Is 5 a factor of w?
True
Does 41 divide (65 - -3) + (-3 - (-2 + 2))?
False
Suppose 0*b + 2*b - 20 = 0. Let p = 16 + b. Is p a multiple of 10?
False
Let g(v) = -59*v + 6. Let d be g(-3). Suppose 0 = -4*h + 3*p - 2*p + d, h - 4*p - 27 = 0. Is 16 a factor of h?
False
Suppose -g + 5*g - 2*u = 318, 0 = -2*g + 5*u + 147. Is g a multiple of 14?
False
Is (-4)/3 + (-138)/(-9) a multiple of 7?
True
Let d(u) = 8*u**2 - 3*u. Let p(f) = -7*f**2 + 3*f + 1. Let y(t) = -2*d(t) - 3*p(t). Does 5 divide y(-2)?
False
Let d(z) = -13*z + 17. Is d(-8) a multiple of 11?
True
Suppose 3*a + 23 - 68 = n, 4*a - 71 = 5*n. Is a a multiple of 4?
False
Let k(t) = -2*t**2 - 4*t. Let u(z) = -3*z**2 - 8*z - 1. Let n(p) = 5*k(p) - 3*u(p). Let w be n(6). Is (w/(-6))/(-3)*-28 a multiple of 7?
True
Suppose 0 = -x - 13 + 23. Is x a multiple of 2?
True
Suppose 3*x = 2*g + 5, -5*g - 2*x = -2*g - 12. Suppose 2*j = -c + 44, 4*j + g*c - 92 = -2*c. Is j a multiple of 21?
True
Let m(t) = -t**2 - 2*t - 2. Let j(r) = -r**3 - 3*r**2 - 2*r - 2. Let u be j(-2). Let b be m(u). Let g(p) = -9*p + 1. Does 19 divide g(b)?
True
Let z(u) = 3*u**2 + 5*u + 7. Is 19 a factor of z(-5)?
True
Suppose -5*b - 72 = -2*b. Is 15 a factor of 4/(1 + 1) - b?
False
Suppose -5*s = y + 3*y - 24, 6 = y + 3*s. Suppose 4 + y = 5*a. Suppose 0 = -2*g + a*r + 92, -3*g = 2*r - 153 + 5. Is 20 a factor of g?
False
Let o(t) = 2*t - 2. Does 6 divide o(4)?
True
Let u be 22/(-6) + (-4)/(-6). Does 20 divide u*((-58)/6 + 1)?
False
Suppose -4 = -5*u - 2*j + 7, 0 = 2*u + 3*j. Suppose 0*n - 477 = -5*q - u*n, 4 = -4*n. Is 14 a factor of 1/(3/q) + 2?
False
Is 40 a factor of (-50)/(-3)*(13 + -1)?
True
Let m(a) be the third derivative of a**6/144 - a**5/120 - a**4/12 - 2*a**2. Let w(u) be the second derivative of m(u). Does 14 divide w(8)?
False
Does 31 divide (-124)/(-8)*(0 + (2 - 0))?
True
Let v be 782/8 + 3/(-4). Let a = v - 63. Is 23 a factor of a?
False
Let k = -69 + 44. Let l = k - -35. Suppose -2 = 2*c - l. Is 3 a factor of c?
False
Let b(l) = -16*l**3 + l**2 + l + 1. Let x(c) = c + 3. Suppose 10 = -5*m - 5*h, 2 = -4*h + 10. Let d be x(m). Is b(d) a multiple of 17?
True
Suppose a - 2 = -0*a. Suppose -148 = -a*k + k. Let g = k + -100. Does 16 divide g?
True
Let d(n) = -3*n - 3. Is 7 a factor of d(-10)?
False
Let s(q) = -q**2 + 7. Let d be s(3). Let r = d + 15. Is r a multiple of 9?
False
Suppose 3*c - 124 = 5*q, 0 = -3*c - q + 70 + 24. Suppose 3*j = -9 + c. Suppose -2*t = -j - 16. Is 9 a factor of t?
False
Suppose 0 = -p - 5*n + 29, -5*p + 10 = -0*p - 2*n. Let q be (p/2)/(-2)*5. Let f = 0 - q. Is f a multiple of 3?
False
Let y be 6*-4*(-1)/6. Suppose x - y*m + 4 = 0, -x + 3*m = x - 12. Is x a multiple of 7?
False
Suppose -2*c + 6*c + 5*r - 425 = 0, -109 = -c - 4*r. Suppose 0 = 4*q - 4*o - 220, 3*o = -0*q + 2*q - c. Is 14 a factor of q?
False
Let v(f) = 2 - 2*f - 3 - 4. Let g be v(-4). Let o = 6 - g. Does 2 divide o?
False
Suppose a + 30 = -a. Let z = 60 + a. Does 15 divide z?
True
Suppose 0 = -4*o + 2*o + 20. Is 364/o + 12/20 a multiple of 8?
False
Suppose 0 = 2*m - 0 - 8. Let s be (2 - m)*6/(-4). Suppose -193 + 34 = -s*a. Is a a multiple of 18?
False
Suppose -2*a = 2*h - 2668, 3025 = 3*h - 5*a - 985. Does 16 divide h/(-10)*2/(-3)?
False
Suppose -30 = -j - 2*i + 9, 2*j - 2*i - 84 = 0. Is j a multiple of 14?
False
Let b = 196 - 85. Is 37 a factor of b?
True
Suppose -5*p = -3*h - 156, 3*h - 2*h - 3 = 0. Is p a multiple of 16?
False
Let w = -8 - -10. Suppose -w = d + 2*l + 2*l, -3*d = -3*l - 9. Let p(i) = i**2 - i + 1. Is p(d) even?
False
Suppose 5*c - 204 = 46. Let x = c + -8. Is 11 a factor of x?
False
Let u = 13 - -35. Suppose -x = x - u. Is 16 a factor of x?
False
Is (-201)/(-39) - (-2)/(-13) a multiple of 3?
False
Let n(v) = -v**2 + 7*v + 4. Let d be n(6). Does 2 divide (d/(-8))/((-2)/8)?
False
Let i = 121 + -53. Is 17 a factor of i?
True
Let s(k) = -9*k**2 - 4*k + 3. Let n be s(5). Let x = -146 - n. Suppose -3*g - 3*z = -x, 0 = -2*g + z - 9 + 73. Is 16 a factor of g?
True
Suppose 5*l - 26 = -1. Suppose q + 2*j - 10 = 0, -q - l*j + 12 = -4*j. Does 7 divide q?
True
Let r = 3 + -8. Is 3 a factor of (-20 - r)*(-2)/3?
False
Let p be -1*1 - (-20 + 3). Suppose -y + 5*y + p = 3*r, r - 9 = 5*y. Suppose 0 = c - 0*c - r. Does 4 divide c?
True
Let x(c) = 3 - 7*c**2 + 3*c**3 - 2*c**3 - 4*c**3 + 2*c**3. Is x(-7) even?
False
Suppose 3*n - 12 - 6 = 0. Suppose -n = -4*o + 3*s, -5*s - 4 = -2*o - 4*s. Does 2 divide o?
False
Let u(i) = i**3 - 17*i**2 - 32*i + 18. Is 12 a factor of u(19)?
True
Does 25 divide (-6)/(-15) + (-533)/(-5)?
False
Let b be (-2)/5 - (-48)/20. Let c = 12 - b. Is 10 a factor of c?
True
Suppose -j + 4*j - 15 = 0. Suppose j*l + 7 = -8. Let w = l + 6. Is w a multiple of 3?
True
Suppose 0 = -33*c + 29*c + 132. Is c a multiple of 21?
False
Let v = 32 + 242. Is 51 a factor of v?
False
Suppose -8*w = -4*w. Let n = w + 7. Is n a multiple of 7?
True
Suppose 2 = i - 9. Is i a multiple of 7?
False
Suppose 76 = 2*a - 10. Is a a multiple of 8?
False
Suppose -y + 40 = -3*y. Let o = y + 44. Is 12 a factor of o?
True
Let x(c) = c**2 - 10*c + 9. Does 14 divide x(-5)?
True
Let z = 4 + -2. Let i = 12 + -10. Let f = i + z. Does 2 divide f?
True
Let z be 26/(-3)*(-6)/4. Let f = z - -45. Is f a multiple of 10?
False
Does 26 divide 9/(-6)*416/(-12)?
True
Suppose 5*w + 11 = 31. Suppose 5*x = -4*f + 182 + 42, 4*f + w*x - 220 = 0. Does 17 divide f?
True
Let n = 4 - -48. Suppose 0 = 5*o - n - 43. Does 19 divide o?
True
Suppose 4*j + 35 = 227. Suppose -3*b = -5*b + j. Is 13 a factor of b?
False
Let w(c) = 2*c**3 -